at is -4d - 50b?
-55a
In base 6, what is 4122 - 11335?
-3213
In base 11, what is -29815 - 1?
-29816
In base 14, what is -2 + -2c2450?
-2c2452
In base 10, what is 185 + 173?
358
In base 11, what is -3 - 128036?
-128039
In base 4, what is 112111 + 21233?
200010
In base 10, what is 41 + 1027?
1068
In base 4, what is -22003 + -102?
-22111
In base 8, what is -3 - -367171?
367166
In base 12, what is -96b73 + 8?
-96b67
In base 14, what is -623 + -1?
-624
In base 6, what is 12 + 41010?
41022
In base 11, what is -887 + -2a6?
-1082
In base 3, what is 122011 - 10200?
111111
In base 14, what is -3 - -217646?
217643
In base 5, what is -300 - 102?
-402
In base 3, what is -101102222 - -20?
-101102202
In base 15, what is -4994 + 47?
-494c
In base 11, what is -36797 - 6?
-367a2
In base 3, what is -1002102 + 11221?
-220111
In base 8, what is 620 - -2?
622
In base 16, what is -2a28 + 7?
-2a21
In base 9, what is -241 + 15?
-225
In base 2, what is 1010010 - -110001001011110?
110001010110000
In base 10, what is 294 - 4737?
-4443
In base 4, what is -20233 + 11?
-20222
In base 5, what is 311 + 133400?
134211
In base 2, what is -10100110110011 + -11010?
-10100111001101
In base 10, what is 20694 + -1?
20693
In base 11, what is 2 + -107a6?
-107a4
In base 9, what is 4 - -1383?
1387
In base 6, what is 3 + -5332125?
-5332122
In base 8, what is -5 - 124660?
-124665
In base 11, what is 0 + 904a?
904a
In base 9, what is 2186 - -4?
2201
In base 8, what is 106 - 143413?
-143305
In base 6, what is -1 - -11332523?
11332522
In base 11, what is 2a + 16984?
16a03
In base 14, what is 76 - 42?
34
In base 14, what is -21a + -3?
-21d
In base 8, what is 3022 - 35?
2765
In base 8, what is -22 + 240276?
240254
In base 14, what is d5b + a?
d67
In base 12, what is -b - -115277?
115268
In base 10, what is 5 + -7370?
-7365
In base 6, what is -35522 + 102?
-35420
In base 11, what is -135 + 222?
98
In base 4, what is 1200330 - -1121?
1202111
In base 6, what is 455 + 1212?
2111
In base 3, what is -2122 - -11220011?
11210112
In base 2, what is 1000 + 11111011?
100000011
In base 7, what is -2542115 + 4?
-2542111
In base 4, what is -1200133101 - -1?
-1200133100
In base 15, what is 1 + -2263?
-2262
In base 8, what is 140 + -23610?
-23450
In base 14, what is -3 - 5c81?
-5c84
In base 6, what is -232302 - -11?
-232251
In base 4, what is -3 + -10302300?
-10302303
In base 8, what is 41462 + 73?
41555
In base 8, what is 5 + 134225?
134232
In base 10, what is -1332939 + -5?
-1332944
In base 2, what is -10 - -1101001000010110?
1101001000010100
In base 6, what is -3 - -1341?
1334
In base 8, what is 661320 + -3?
661315
In base 7, what is 146545 + 32?
146610
In base 11, what is -77a4 + 1?
-77a3
In base 16, what is 57a + 1fd?
777
In base 2, what is 1 - -101010100101110001?
101010100101110010
In base 15, what is 208 + -11?
1e7
In base 11, what is -226 - -236?
10
In base 12, what is -97 + 479?
3a2
In base 15, what is 4 + 5cbe7?
5cbeb
In base 11, what is 130 - -2a24?
3054
In base 2, what is 11000011110010111 + -11?
11000011110010100
In base 3, what is 121012 - 2000?
112012
In base 15, what is -2c + 9a?
6d
In base 3, what is -11 + 11201202?
11201121
In base 10, what is 6669 - -179?
6848
In base 9, what is 63 + -431?
-357
In base 15, what is 7 + ae2b?
ae33
In base 7, what is 1300 - 364?
603
In base 5, what is -200211211 + -3?
-200211214
In base 10, what is -2 - 19461?
-19463
In base 14, what is 4c - -d2?
140
In base 6, what is 2 + 24515?
24521
In base 3, what is -11020 + 102110?
21020
In base 16, what is -2fb + a1?
-25a
In base 12, what is 3b - 87?
-48
In base 11, what is -32226 + -1?
-32227
In base 2, what is 1100100100101 + -10110111?
1100001101110
In base 4, what is -3233011 - -20?
-3232331
In base 13, what is 2c6 + -330?
-37
In base 16, what is 2a35d + 2?
2a35f
In base 3, what is -1121000100000 + 2?
-1121000022221
In base 8, what is -17073733 + 4?
-17073727
In base 16, what is -5 + -216b?
-2170
In base 3, what is 11020 + 121111?
202201
In base 5, what is -301332 - 2240?
-304122
In base 16, what is -21a7 - -63?
-2144
In base 15, what is -1 + 59b5?
59b4
In base 13, what is 105 + -cb5?
-bb0
In base 8, what is -21 + 37070?
37047
In base 15, what is 8bbd + 6?
8bc4
In base 7, what is 25026 + -320?
24406
In base 16, what is -5 + -53d0?
-53d5
In base 7, what is -663611 - 2?
-663613
In base 12, what is 4 - -b285b?
b2863
In base 8, what is 1 + 62476?
62477
In base 3, what is 0 - 122001022?
-122001022
In base 9, what is -1637 - 3430?
-5167
In base 11, what is 968 + 26?
993
In base 11, what is -17 - 23411?
-23428
In base 7, what is -115030 - -2?
-115025
In base 12, what is 2 + -185429?
-185427
In base 8, what is 67057 - -1?
67060
In base 7, what is -10622 - -45?
-10544
In base 3, what is 11 + 111020101?
111020112
In base 9, what is 5 + 43354?
43360
In base 5, what is -1103 + -2413?
-4021
In base 15, what is -8e0 - 15a?
-a4a
In base 6, what is 2 - -205544?
205550
In base 13, what is -1 - 115c5?
-115c6
In base 7, what is 113104 + 113?
113220
In base 14, what is -a + 230?
224
In base 4, what is 1 + -221113?
-221112
In base 10, what is 826 + -603?
223
In base 7, what is -1455 + -1?
-1456
In base 8, what is -140214 - -2?
-140212
In base 2, what is 11000011100000 - 101000011?
10111110011101
In base 5, what is 0 + 1040042?
1040042
In base 8, what is 311 + -113?
176
In base 12, what is -2 - 8a33?
-8a35
In base 5, what is 1220210 - -3?
1220213
In base 6, what is 103434 - -354?
104232
In base 9, what is -648 + -4225?
-4874
In base 8, what is 5 - 12532?
-12525
In base 7, what is -1643013 + 0?
-1643013
In base 12, what is -8 + -3273?
-327b
In base 4, what is -112021 - -203323?
31302
In base 3, what is -2101020 - 111?
-2101201
In base 3, what is -10 + -201201010?
-201201020
In base 7, what is -20055 + -26?
-20114
In base 15, what is 38d7 - 2?
38d5
In base 14, what is -4 + -1469b?
-146a1
In base 6, what is 0 - -415424?
415424
In base 2, what is -1101 - 111101111101?
-111110001010
In base 13, what is 5 + 5aa1?
5aa6
In base 2, what is 100 - -1001011011001101011?
1001011011001101111
In base 7, what is -44365 - -5?
-44360
In base 9, what is 2 + 223172?
223174
In base 8, what is 112574 + -4?
112570
In base 4, what is 122122 + 3200?
131322
In base 7, what is -55060 - 0?
-55060
In base 5, what is -1341313 + 4?
-1341304
In base 10, what is 1 + 487?
488
In base 8, what is 16 - -72556?
72574
In base 14, what is -442 - -3a4?
-7c
In base 3, what is -2000212001002 + -11?
-2000212001020
In base 15, what is 4 + 262a?
262e
In base 2, what is 10 - -100001111110?
100010000000
In base 3, what is -2002201 + -1010021?
-10012222
In base 14, what is 1279 + -1?
1278
In base 7, what is 41535 - -10?
41545
In base 15, what is -1c857 + 11?
-1c846
In base 14, what is -5 - 6a964?
-6a969
In base 8, what is -614116 - -31?
-614065
In base 4, what is 0 + -33021121?
-33021121
In base 7, what is 12 + 451562?
451604
In base 5, what is 30040331 + 10?
30040341
In base 10, what is -8899 + 8?
-8891
In base 10, what is 5532 - 1247?
4285
In base 11, what is 339747a + -1?
3397479
In base 3, what is -2112201 + -202211?
-10022112
In base 7, what is -1026 - -1251?
222
In base 12, what is 2775 - -24?
2799
In base 5, what is -214 + 11144?
10430
In base 9, what is -16862 + -5?
-16867
In base 6, what is 10511 - -135?
11050
In base 8, what is 4717 - -132?
5051
In base 2, what is -11110101111100 - 11?
-11110101111111
In base 4, what is 2 - -1122120?
1122122
In base 14, what is c - -c814?
c822
In base 7, what is -50111 - -56?
-50022
In base 10, what is -4 - -6262?
6258
In base 11, what is 0 + 1142?
1142
In base 2, what is 11011110100 + -11?
11011110001
In base 15, what is -89 - -146?
ac
In base 15, what is 67 + -400c?
-3e95
In base 10, what is 5 + 11811?
11816
In base 10, what is 10 - 67927?
-67917
In base 5, what is 21 + -10420244?
-10420223
In base 11, what is -461219 + -3?
-461221
In base 2, what is -1111101010111 + -11?
-1111101011010
In base 3, what is 1122011 + -1012?
1120222
In base 11, what is -14238 - -4?
-14234
In base 2, what is -11111110001 + -100?
-11111110101
In base 6, what is -122 + 222005?
221443
In base 11, what is -15 + -141168?
-141182
In base 2, what is 10101011101001100 + -1?
10101011101001011
In base 13, what is 4 + -311676?
-311672
In base 10, what is -765 + 25?
